 3*r**3 + 14*r**2. Let l(i) be the first derivative of w(i). Calculate l(1).
1
Let k be 10/35 + 4/(-14). Let z be k*-1*3/(-6). Let i(g) = -g**2 - g - 4. Determine i(z).
-4
Let k be (-1)/(-5) - 90/(-50). Suppose -b + 2*o = -9, 3*b + k = 2*o + 17. Let j(l) be the third derivative of -l**4/24 + 5*l**3/6 - l**2. What is j(b)?
2
Let q(o) = -o**3 + 4*o**2 + 6*o - 2. Let d be 0/(-2) - ((1 - 6) + 0). Determine q(d).
3
Let q(p) = p**2 - 5*p + 3. Suppose -2*c = -6 - 0. Suppose c*w - 22 = w. Let a be (-58)/(-10) + w/55. What is q(a)?
9
Suppose -3*p - 1 = 8. Let q(d) = 2 + 5*d**2 - 4*d**2 + 4*d + 0 + 0. Let g(r) = -r. Let x(a) = -g(a) - q(a). Determine x(p).
-2
Let u(r) = -r**3 - 10*r**2 - 10*r - 6. Suppose 14*l = -46 - 80. Give u(l).
3
Let b(s) = -2*s**2 - 8*s - 7. Let g = 2149 + -2154. Calculate b(g).
-17
Let y(l) = l**3 + 6*l**2 + 5*l + 2. Suppose -3*u = a + 14, -4*a - 2*u - 26 = -0*u. Give y(a).
2
Suppose 0*r - 8 = 2*r + g, -g + 4 = 0. Let a(i) = -i - 3*i - 15 + 39. Let o(y) = 3*y - 16. Let n(s) = 5*a(s) + 7*o(s). Calculate n(r).
2
Let l(c) = -3*c**3 + 4*c**2 + c + 2. Let i(y) = -3*y**3 + 3*y**2 + y + 2. Let f(z) = -3*i(z) + 2*l(z). Determine f(2).
16
Let v(j) be the third derivative of -j**7/1680 + j**6/180 - 7*j**5/20 - 21*j**2. Let n(m) be the third derivative of v(m). Calculate n(3).
-5
Let f(y) = y**2 + 5*y + 1. Let j be f(-5). Let g(a) = 598 - 598 + 16*a. What is g(j)?
16
Let p(y) = -2*y**3 + 4*y**2 - 3*y + 3. Let d(l) = l**2 - 2*l + 1. Let z be d(2). Let c(w) = w**3 - w**2 - 2. Let b(j) = z*p(j) + c(j). Determine b(3).
-8
Let z be ((-20)/8)/(-1 - 4/(-8)). Suppose -6*o = -o + z, 4*o + 22 = -3*u. Let c(v) = -v**2 - 8*v - 9. Determine c(u).
3
Let h(c) = -6239*c**2 + 2 - 5 + 2*c + 6242*c**2. What is h(2)?
13
Let k(u) = 20 - 11*u**2 - u**3 - 8*u + 2 - 23. Determine k(-10).
-21
Let c(w) be the first derivative of w**5/20 + 7*w**4/12 - w**3 + 5*w**2/2 - 6*w + 14. Let h(l) be the first derivative of c(l). Give h(-8).
-11
Let p(v) = -v + 9*v - 6*v - 6. Suppose -2*y + 3*y - 3 = 0. Let j be 5/(y/(-1 - -4)). Determine p(j).
4
Let f be -2*3*3/(-6). Suppose -2*n - 3 = 2*h + 7, 20 = 5*n - 4*h. Let m(w) = -w**f + 7*w**2 + 6*w - 2*w**2 + n*w**3. What is m(6)?
0
Let c(i) = 10*i - 3. Let l = -48 - -50. Suppose 5*s - 15 = 0, -2*k - 2 = -6*k + l*s. Calculate c(k).
17
Suppose 0 = -h + v - 19 + 27, 2*v = 4*h - 38. Let i(z) be the first derivative of h + 4*z - 1/2*z**2 + 1/4*z**4 + 4/3*z**3. Calculate i(-3).
16
Let x(g) be the third derivative of g**5/12 + g**4/24 + g**2. Suppose 3*t + 2*k - 1 + 9 = 0, 2*k + 8 = 4*t. Let j = t + -1. What is x(j)?
4
Let b be (-3)/((-2)/((-8)/3)). Let g(x) = 2*x**3 + 3*x**2 + x + 1. Let n(v) = -11*v**3 - 15*v**2 - 9*v - 4. Let t(a) = 6*g(a) + n(a). Give t(b).
-2
Suppose 0 = w - 5 + 2. Let g(f) = -4 + w + f + 2 - 2. Let u = 3 - 4. Give g(u).
-2
Suppose -3*u - 12 = 5*j, u + 5*j = 5*u + 51. Let r(n) = n**3 - n**2 - 2. Let b(p) = -4*p**3 + 13*p**2 - 8*p + 17. Let i(l) = -b(l) - 5*r(l). What is i(u)?
2
Let i be (-8 - -12)*(2 - 1). Suppose 7*l - i*l = -9. Let z(r) = -r**3 - 2*r**2 + r - 2. Give z(l).
4
Let j be 6 + (-22)/4 + 37/2. Let r(b) = 1 - 18*b + 3 + j*b. What is r(-9)?
-5
Let f(w) = -1 + w + 7 - 11 - 1. Suppose 0 = -0*n + n - 25. Suppose 12*x = 7*x + n. Determine f(x).
-1
Let v(b) = 6*b**2 + 0*b**3 + 7 - b - b**3 - 2. Let i(o) = -o**3 + 16*o**2 + o - 10. Let d be i(16). Give v(d).
-1
Let i(z) = z**2 + 5*z + 5. Let a(q) = 2*q**3 - q**2 - q + 1. Let v be a(1). Let g(b) = -5*b**3 + 2*b - 1. Let j be g(v). Give i(j).
1
Let q(s) = s**3 + 4*s**2 - s - 2. Let k(v) = 4*v + 37. Let j be k(-21). Let b = -52 - j. Determine q(b).
-22
Suppose 13*q = 21*q - 32. Let v(t) = -t**2 + 9*t - 1. Determine v(q).
19
Let o(b) = -b**2 + 2*b + 1. Let w be (-16)/24*-3*2. Suppose 0 = 10*p - 11*p + w. What is o(p)?
-7
Let f(u) = -2*u + 1. Suppose -3*s - 60 = -2*c + 3*c, 0 = -c + 3. Let n = 8 + s. Let m = n + 12. Give f(m).
3
Let b(v) = -v**2 + 2*v - 2. Let y(z) = -z**3 - 6*z**2 + 9*z + 9. Let k be y(-7). Let l(d) = -d**2 - 10*d - 23. Let i be l(k). Give b(i).
-2
Let y be ((-3)/(-1))/((-15)/70). Let q be (-7)/y*10*1. Let a(u) be the second derivative of -u**3/3 + 3*u**2/2 + 275*u. Determine a(q).
-7
Let x(k) = 94 - 39 - k - 22 - 44. Calculate x(-6).
-5
Suppose 0 = -3*h - 2*t - 30, -h - 4 - 10 = 2*t. Let c(m) = 3 - 4*m**3 + 26*m**2 + 2*m - 6 + 3*m**3 - 3*m - 34*m**2. Calculate c(h).
5
Let t(v) = -v + 7. Let i be (65/(-2))/(-1 - (-2)/4). Suppose 0 = -n + 14*n - i. Calculate t(n).
2
Let z(v) = v**2 - 6*v + 9. Let j be z(4). Suppose h = 15 - j. Let m(i) = -4 + 0 + i - 3 + h. Calculate m(-8).
-1
Let y(k) = 3*k + 12. Let p(m) = -2*m - 12. Let c(v) = -4*p(v) - 3*y(v). Calculate c(5).
7
Let f(b) = -b**2 - 4*b + 12. Let q be (0 + -1 - -2)/((-22)/110). Determine f(q).
7
Suppose 1 = -4*o - 3. Let g(h) = 3*h**2 + 9*h - 1. Let t(m) = m**2 + m. Let z(f) = o*g(f) + 2*t(f). Let a = 0 - 6. Calculate z(a).
7
Let h(y) = -5*y**2 + 7*y + 7*y**2 + 6*y - 5 - 2. Let c(p) = -p**2 - 6*p + 4. Let b(g) = 5*c(g) + 2*h(g). What is b(-5)?
1
Let f(y) = 3*y**3 - 67*y**2 - 2*y + 24 - y**3 + 50*y**2 - y**3. Determine f(17).
-10
Suppose 0 = -2*z + 7*z. Let r(t) be the third derivative of -t**3/6 + 10*t**2. Let k(y) = -y - 1. Let b(v) = -k(v) - 6*r(v). Calculate b(z).
7
Let z(b) = -b - 1. Let a(u) = -u**2 + 2*u + 7. Let m be a(4). Let r be (m/1 - -2)/(-1). Determine z(r).
0
Let d(y) = y**2 - 6*y + 8. Let g(p) = -3*p**2 + 18*p - 23. Let z(m) = 11*d(m) + 4*g(m). Let k = 325 + -320. Calculate z(k).
1
Let s(o) = -o**3 + 5*o**2 + 6*o + 2. Let r be (-2)/(-9) + 75/27. Suppose 2*a = -4*c + 16, -3*c - 3*a + 11 + 4 = 0. Let h = c + r. Determine s(h).
2
Suppose 31 = 49*p - 18. Let z(c) = -7*c**2 - 2*c + 2. Give z(p).
-7
Suppose 2*n - 80 = 5*c, 2*n - 13 = c + 11. Let u(d) = d**3 + 13*d**2 - 14*d. Determine u(c).
0
Let t(w) = 2*w**3 + 5*w + 2. Let i(j) = -j**3 + j**2 - j - 1. Let g(o) = 3*i(o) + t(o). What is g(2)?
7
Let b(x) be the third derivative of -x**7/840 - x**6/90 + x**5/120 + 11*x**3/6 + x**2. Let l(n) be the first derivative of b(n). What is l(-4)?
-4
Let t(b) = b**3 - b + 4. Let p = 443 - 443. What is t(p)?
4
Suppose 2 = 4*j - 3*j. Let b(z) = -273*z**j + 272*z**2 + 2*z + 0*z + 4 + z. Give b(3).
4
Suppose 2*l = 3*u - 1, -2*l + 14 = 5*u - 3*u. Let j(n) = 44 - 87 - 4*n + 43. Determine j(u).
-12
Let k(t) be the second derivative of t**4/12 - t**3/6 - 11*t**2/2 + 48*t - 1. Give k(0).
-11
Let i(a) = -9*a**2 + 22*a - 4. Let t(l) = -2*l**2 + 2*l. Let j(x) = -i(x) + 5*t(x). What is j(-6)?
40
Let a(m) be the first derivative of -m**3/3 - 2*m**2 + 8*m + 145. Calculate a(-6).
-4
Let n(m) = -m**2 - 5*m - 1. Suppose 6*j - 2*j = 5*b - 479, 0 = 5*j - 3*b + 589. Let o = -123 - j. Give n(o).
-15
Let o(m) = 2*m + 1. Let a(v) = v**2 + 7*v + 3. Let g(n) = -n**3 + 20*n**2 + 43*n + 16. Let p be g(22). Let x be a(p). What is o(x)?
-5
Let m(q) = -q**3 - q**2 + 2*q + 2. Let l be m(-2). Let k(o) = o**3 - 6 + o**l + 0*o**2 + 4*o**2 - 9*o. Let h = -2079 - -2073. Give k(h).
12
Suppose 0 = -2*u + 2, 12*s - 13*s + 3*u = 10. Let x(j) = 4*j - 7. Determine x(s).
-35
Suppose v - 2 = -0. Let q(a) = v*a**2 - 8*a**2 + 1 + 0*a + 0*a + a. Determine q(-1).
-6
Let y(b) = 19*b - 3 + b**2 - 1 - 19*b + 3*b. Determine y(-4).
0
Suppose 4*r - 3*o + o + 86 = 0, 0 = -r - 5*o - 49. Let n(g) = 4*g + 4. Let y(f) = -20*f - 20. Let p(i) = r*n(i) - 5*y(i). Determine p(-3).
-8
Let c(b) be the third derivative of -1/360*b**6 + 0 + 0*b + 0*b**5 + 1/8*b**4 + 3*b**2 + 0*b**3. Let y(z) be the second derivative of c(z). Give y(-3).
6
Let n(d) be the third derivative of d**5/60 + d**4/4 - d**3/3 - 5*d**2. Let y be 4 + -1 - (4 - -8). Let f = -15 - y. Determine n(f).
-2
Let t(x) be the third derivative of -x**6/120 - x**5/10 - x**4/12 - 5*x**3/3 + 11*x**2. Let p be t(-6). Let a(m) = -m**3 + m**2 - m + 1. What is a(p)?
-5
Let q be ((-21)/(-4))/(-7)*-12. Let z(k) = -k**3 + 10*k**2 - 10*k + 5. Determine z(q).
-4
Let h(f) = 49*f - 8. Let a(d) = -752*d + 120. Let i(b) = 6*a(b) + 92*h(b). Give i(4).
-32
Let i(q) = -28*q**3 + 19*q**2 + 12*q + 3. Let r(w) = 13*w**3 - 9*w**2 - 6*w - 1. Let j(p) = 6*i(p) + 13*r(p). What is j(4)?
-3
Suppose -j - 2*j = 3. Let i(x) = -x. Let b be 5/(20/12) + -5. Let w(o) = -o**2 + o + 4. Let f(l) = b*i(l) + j*w(l). Give f(3).
8
Let h = -406 + 